b*o(x) - 5*t(x). Give v(-3).
6
Let n(l) = -3*l - 2. Let s(r) = -5*r + 3*r - 1 - 2*r + 2*r. Let q(w) = -4*n(w) + 7*s(w). Let a(j) = j + 6. Let d be a(-4). Calculate q(d).
-3
Let c(g) = g**3 + 3*g**2 + 2*g - 4. Let y(u) = -3*u**2 + 6*u - 2*u**2 + 4*u**2. Let a be y(5). Suppose -3*v - 24 = 3*h, -2*h - a*v - 7 = 24. What is c(h)?
-10
Suppose 0 = -2*k - k + 48. Suppose 0 = 5*a - k - 4. Let s(m) = 12*m**2 - 4*m**2 - 5*m - 6*m**2 - 2. Give s(a).
10
Let r(n) be the second derivative of 0*n**2 + 0 + 1/20*n**5 - 6*n + 1/4*n**4 + 1/6*n**3. Let x = 1 + -4. Give r(x).
-3
Let b(z) = -z + 7. Let k be ((-2)/(-4))/(5/(-50)). Let i be 1*(-1 - 0)*k. Calculate b(i).
2
Let h(l) = l**3 + 5*l - 11*l - 2*l**3 + 7*l**2 + 0*l**3. Let o(k) = -k + 6. Let w be o(0). Determine h(w).
0
Let y(u) = u**3 + 6*u**2 - 6. Let c(m) = m + 9. Let p be c(-6). Let s be (p*-1)/(7/(-7)). Suppose 10 = -2*z + f, -4*z + 4*f - s*f = 22. Determine y(z).
-6
Let l = -12 - -15. Suppose k + 0*k = g, 0 = -l*g + 4*k. Let u(r) = -r**3 - 1. Determine u(g).
-1
Let b(k) = k + 2. Let n(c) = -4*c - 13. Let r(f) = 5*b(f) + n(f). Give r(-3).
-6
Suppose 2*v = 6, 5*v = -d + 1 + 20. Let i(w) = -w**2 + 0*w + 5*w + 5 + 0*w**2 + 1. What is i(d)?
0
Let n(w) be the third derivative of 1/6*w**3 - 1/4*w**4 + 0*w + 1/60*w**5 + 0 + 3*w**2. What is n(4)?
-7
Suppose 0 = 11*d - 3 + 3. Let y(j) = j**2 + 14. What is y(d)?
14
Let u(d) = -3 - d - 3 + 12 - 11. What is u(0)?
-5
Let m(x) be the first derivative of -x**3/3 + 2*x**2 + 4*x - 2. Let v be m(4). Let f(r) = -2*r - 4*r - v - 3 - r**2. Give f(-5).
-2
Suppose -f - 10 = -5. Let x(g) = -g. Let a = 4 + -1. Let j(t) = -t**3 - 5*t**2 - 5*t + 2. Let u(l) = a*x(l) - j(l). Calculate u(f).
-12
Let m be (-2)/(-2) + 1 + 1. Let y(i) = 0*i**2 - 5 + m*i - 3*i + i**2. What is y(0)?
-5
Let x(f) = -f**3 + 2*f + 1. Let j be (-4)/(12/9) - (-5)/1. Give x(j).
-3
Let b(h) = 2*h. Let d be b(1). Let z(f) = 3*f + d*f - 4 + f**2 + 2. Suppose 3 = -t - 1. Give z(t).
-6
Let v(d) be the first derivative of d**7/840 - d**6/360 - d**5/30 + d**3 + 2. Let m(a) be the third derivative of v(a). Calculate m(3).
6
Let u = -10 + 9. Let h(q) = 2*q - 1. Determine h(u).
-3
Let s be 8/20*(-11 + 1). Let z = s - -3. Let h(a) = -2*a + 1 + 2*a + 8*a. Give h(z).
-7
Let z(b) = b**3 + 1. Let j = 34 + -35. Calculate z(j).
0
Suppose -4*r + 28 = 4*o, -5*r = -2*o + 1 - 8. Let f(m) = -m**3 + 3*m**2 - m + 4. Let b be f(r). Let k(s) = -4*s + 1. What is k(b)?
-3
Suppose -62 = s - 6*s - y, -s = 5*y - 22. Let n(c) = -c**3 + 13*c**2 - 12*c. What is n(s)?
0
Suppose 4*q + 5*m - 140 = 3*m, -4*q - m + 136 = 0. Suppose -5*f - 7 + q = -4*o, f = 2. Let p(s) = -s**3 - 5*s**2 - 5*s + 2. Calculate p(o).
6
Let x(b) = 2*b - 1. Let t = -5 - -6. Let m be (-1 + 4 - -2)/t. Give x(m).
9
Suppose -3*t - 10 + 46 = 0. Suppose -4*v = -v + t. Let k(x) = x**3 - 2*x**2 + 7. Let b(l) = -l**3 + 3*l**2 - l - 9. Let z(d) = 5*b(d) + 6*k(d). What is z(v)?
1
Let k(t) = t**3 + 9*t**2 + t + 13. Let c be 2/(-14) - (-124)/(-14). Let x be k(c). Let h(s) = -s**3 + 6*s**2 - 7*s + 4. Calculate h(x).
8
Let o = 19 + -14. Let w(x) = -2*x + o*x + 3 - 5*x. Calculate w(6).
-9
Let f(i) = i + 39 + 29 - 63. What is f(-6)?
-1
Suppose -13 = -2*h - 3*d, -4*h + 4*d - 8 + 4 = 0. Let l be ((-12)/21)/(h/(-7)). Let v = l + 1. Let g(b) = b**2 - 2*b + 3. Calculate g(v).
6
Let c(b) = -8*b. Let j be c(1). Let v(m) = -m**3 - 9*m**2 - 9*m - 9. Let n be v(j). Let q(r) = r**3 + 3*r**2 + 2*r + 1. Determine q(n).
1
Suppose -2*x = -0 - 18. Suppose -6*q + 21 = -x*q. Let b(w) = -w**3 - 8*w**2 - 7*w - 7. Determine b(q).
-7
Let l = 10 + -6. Let u(f) = -f**3 + 5*f**2 - 3*f + 6. Give u(l).
10
Let i = 4 - -6. Let b(q) = -q**3 + 11*q**2 - 9*q - 7. Let k be b(i). Let r(s) = s + 1 + 2*s + 1 - s**2. What is r(k)?
2
Let l be 2/(-7) - 26/7. Let w(f) = 13*f**3 + 10*f**2 - 5*f. Let i(j) = -7*j**3 - 5*j**2 + 3*j. Let a(x) = 11*i(x) + 6*w(x). Determine a(l).
4
Let l(h) = h**3 - 2*h**2 - 6*h + 1. Let k = 24 + -13. Suppose -3*c - m + k = 0, -4*c - 6*m + 4*m = -14. Give l(c).
9
Suppose 0 = v - 5 + 1. Let x(m) = -2*m + 2. Give x(v).
-6
Let j(s) be the first derivative of s**4/12 + 7*s**3/6 + s**2/2 + 4*s - 7. Let z(c) be the first derivative of j(c). What is z(-5)?
-9
Let s = -148 + 141. Let j(p) = 3*p - 7. Determine j(s).
-28
Suppose 9 = 2*v + v. Let g(x) = x - 2*x + 2*x - x**2. Give g(v).
-6
Suppose t - 3*t = -8. Suppose -3*w + w = -t. Let v(f) = -f + 2*f + w*f - 4*f + 1. Calculate v(-5).
6
Suppose 4*h - 26 + 2 = 0. Let y(v) = v + 3. What is y(h)?
9
Suppose -3*i = k + 11 + 5, 2*i = -2*k - 12. Let u(w) be the third derivative of 1/2*w**3 + 1/120*w**6 + 1/15*w**5 + 0*w + 0 - 1/4*w**4 - w**2. Determine u(i).
8
Let f(s) be the second derivative of -s**5/20 - 2*s**4/3 - 3*s**3/2 - 9*s**2/2 + 2*s. Let m be f(-7). Let x(h) = -4 + m*h**2 + 2 + 0 - h**3. Calculate x(5).
-2
Let f(c) be the second derivative of c**4/12 + c**3 - c**2/2 - 12*c. Calculate f(-5).
-6
Suppose 0*d - d = -2*f + 11, 5*f = -5*d - 10. Suppose 0 = -f*o - 21 + 6. Let h(m) = -2*m - 5. Determine h(o).
5
Let d(a) = -a**3 + 13*a**2 - 12*a - 3. Let j be d(12). Let t(x) = -2*x**2 + 3*x - 4. Let k(i) = -i**2 + 2*i - 2. Let c(g) = -5*k(g) + 3*t(g). What is c(j)?
-8
Let n(x) = -x + 2. Let m be n(5). Let q(t) = -2 + 6 + 4*t - 3*t. Give q(m).
1
Let q(k) = -k**3 + 5*k**2 + 4*k + 8. Let z be q(6). Let f(s) = s**2 + 2*s - 3. Calculate f(z).
5
Let y(u) = 5*u + 2. Let h(i) = 4*i + 1. Let o(f) = 3*h(f) - 2*y(f). Give o(-3).
-7
Suppose -6 - 4 = z + 4*w, 22 = -3*z - 4*w. Let h(v) = v. Calculate h(z).
-6
Let p(r) = -2*r + 7. Let a(d) = -3*d**3 + 5*d**2 - 6*d - 1. Let w(h) = -2*h**3 + 3*h**2 - 4*h - 1. Let j(f) = -5*a(f) + 7*w(f). Let v be j(4). Calculate p(v).
-5
Let g(a) = -3*a + 9. Suppose -3*x + 30 = 3*y - 6*x, -4*y + 3*x + 36 = 0. Determine g(y).
-9
Suppose -2*s + 5*f + 18 = 2*f, -2*f = -4*s + 20. Let p(m) = 2 + 4*m - s*m - 4. Let i(g) = g + 5. Let h be i(0). Calculate p(h).
3
Let h be (-9)/(-15) - (-44)/10. Let n(w) = w**3 - 4*w**2 - 4*w - 2. Calculate n(h).
3
Suppose -3*z + 55 = 2*j, -4*j + 3*z = 7*z - 108. Suppose -q - 5*h - j + 4 = 0, -h - 5 = 0. Let a(s) = -s**3 + s**2 + 3*s + 2. What is a(q)?
-7
Let k(u) be the first derivative of u**3/3 - 3*u**2 - 4*u + 6. Determine k(5).
-9
Let h(m) = m**3 + 5*m**2 - 7*m - 8. Suppose -48 = 7*j + j. What is h(j)?
-2
Suppose 7*o - 2*o = 3*u - 4, 4*o = -2*u + 10. Let z be (-1)/(-2)*o*-2. Let t(a) = -6 + 5 - 7*a**2 - a**2 - a. Determine t(z).
-8
Let x = 6 - -2. Let y(a) = a - x + 6 + 1. What is y(2)?
1
Let m(z) = -5*z - 6. Let o(q) = -q - 1. Suppose 4*c + 2 = -6. Let w(r) = c*m(r) + 11*o(r). Calculate w(2).
-1
Let a(q) = 4*q + 14 - 2*q - 4 - 6. Calculate a(-3).
-2
Let p(s) = s**2 - 4*s - 4. Let w(d) = d + 1. Let t(b) = p(b) + 2*w(b). Let g be (-8)/(-28) + 66/14. Suppose l - 8 = g*l. Give t(l).
6
Let v(q) = q**2 - q + 1. Let r be (-1)/4 + (-6)/8. Let n(w) = 4*w**2 + 3*w - 1. Let h(k) = r*n(k) + 3*v(k). Give h(-6).
4
Let b(y) = -6*y + 3*y - 3*y - y**3 - 7*y**2 - 3 + 0. Determine b(-6).
-3
Let q(j) = j**3 - 5*j**2 - 6*j - 8. Let n = 105 - 99. Calculate q(n).
-8
Let f(k) be the second derivative of k**3/2 + 59*k. Determine f(-1).
-3
Let u = -5 + 9. Let m(q) = -2 + q - 6 - 5*q**3 + u*q**3. Determine m(0).
-8
Let s(f) be the second derivative of f**5/20 - f**4/12 - f**3/2 - f**2 - f. Suppose -11*o - 2 = -35. Determine s(o).
7
Let a be ((-3)/2)/(6/(-56)). Suppose 3*t + 0*t - 4*x = a, -2 = -3*t - 2*x. Let n(k) be the third derivative of k**4/24 - k**3/6 + 3*k**2. What is n(t)?
1
Let u(i) = 3*i**3 - 4*i**2 - i. Let n(r) be the third derivative of r**6/30 - r**5/20 - r**4/24 + r**2. Let x(b) = 4*n(b) - 3*u(b). Determine x(-1).
-6
Suppose 0 = -165*k + 166*k - 4. Let z(u) be the first derivative of u + 1/2*u**k - 1/2*u**2 + 2/3*u**3 + 4. Determine z(-2).
-5
Let c = 7 - 7. Let m(l) = l**2 + l - 8. What is m(c)?
-8
Let c(u) = u**3 - 3*u**2 + 2*u - 2. Let w(y) = 2*y**2 - 8*y + 2. Let k be w(4). Calculate c(k).
-2
Let i(q) = q - 2. Suppose -3*f + 5*f - 16 = -4*o, 0 = -2*o + 2. Let a be 3/f - (-21)/6. Give i(a).
2
Let t(n) = 3*n. Let o(p) = p**3 + p**2 - p - 1. Let y be o(-1). Suppose -15 = -q - 4*m, -18 = -y*q - 2*q - 5*m. Give t(q).
-3
Let j(b) be the second derivative of b**3/6 + 3*b**2/2 + b. Let i(m) = m + 5. Let a be 3/(-1) - (3 + -1). Let 